est common divisor of l and 15.
15
Let j be (16/(-20))/((-1)/30). Suppose -3*g - n = -21, -2*n = -2*g + 5*g - j. Let b be 24/16 + 9/2. What is the highest common factor of g and b?
6
Let t be ((-2)/3)/((-2)/9). Suppose 0*a - 143 = -t*q + a, a = 1. What is the highest common divisor of 32 and q?
16
Suppose -10 = -6*j + j. Suppose -j*t + a - 11 = 0, 0 = -5*t - 0*t + a - 29. Let o be ((-20)/t)/((-12)/(-54)). What is the highest common factor of 15 and o?
15
Let l(a) = a**2 + 7*a - 6. Let t be l(-6). Let v be (-3)/(28/t - -2). Let c be (3 + v/(-6))*2. Calculate the greatest common divisor of 6 and c.
3
Suppose 1680*j + 688 = 1682*j. What is the highest common divisor of j and 258?
86
Let v be 0 - -14*(2 + 0). Calculate the greatest common divisor of 7 and v.
7
Let d(i) = i**3 + 18*i**2 + 11*i - 59. Let t be d(-17). Calculate the greatest common divisor of 43 and t.
43
Suppose 10*z - 19 = 1. Suppose 2*k - 5*q = 85, 6*k - 2*q = z*k + 146. Calculate the highest common factor of k and 14.
7
Let w be 24/9*(5 - 2). Suppose -4*k = 2*s - 12, -6*s = -2*s - w. Suppose 22 = 2*z + k*l, 2*l + 3*l + 15 = 5*z. What is the highest common divisor of 21 and z?
7
Let p be (-3 + 2)/(3/(-417)). Suppose -k = -18 + p. Let l = -61 - k. What is the greatest common factor of l and 24?
12
Let p(v) = -v**3 - 27*v**2 + 19*v - 18. Let h be p(-28). Let w = 68 - 42. What is the greatest common factor of w and h?
26
Let r = 7 + -9. Let s be (r - -16)*(4 + 0). Calculate the greatest common factor of s and 16.
8
Suppose -5*r = 4*c - 591, 0 = 2*c - r - 3*r - 276. Calculate the highest common factor of c and 48.
48
Suppose 0 = 4*v - 7*v + 3*y + 18, -5*v + 6 = 3*y. Let i be v/(-2)*560/(-42). Calculate the highest common factor of i and 20.
20
Suppose -5*s = -2*b - 120, -9*b - 140 = -5*s - 11*b. Calculate the greatest common divisor of 78 and s.
26
Suppose -2*q + 4*y = -9 + 11, -11 = -4*q + 5*y. Let o be -66*3/(-2)*5. Suppose -k = 4*k - o. Calculate the greatest common factor of k and q.
9
Let h be (-32)/8 + (2 - -13) + 0. Calculate the greatest common divisor of 4 and h.
1
Let z be 3/1*(-182)/39. Let v = 14 + z. Let r(p) = -p**2 + 1. Let g be r(v). Calculate the greatest common factor of 4 and g.
1
Suppose -111 = -4*y - 3*s, s + 3 = -0*s. Let v = -16 - -18. Suppose -79 = -l - v*a, 5*l - 77 = 4*l - a. Calculate the highest common divisor of y and l.
15
Let y be (1 + 55/(-15) + 2)*-60. What is the highest common divisor of 112 and y?
8
Let p be (-49 + 51)*(0 + 1 - -2). Calculate the greatest common divisor of 24 and p.
6
Let f = 24 - 8. Let w = -1 + -2. Let d be (20/f)/(w/(-96)). What is the greatest common divisor of 100 and d?
20
Suppose 7*p - 11*p = 320. Let v = p - -92. Calculate the greatest common factor of v and 6.
6
Let o be 4 - ((-7)/(-1) + -14). Let n be 3/1 - (-13 - -5). What is the highest common divisor of o and n?
11
Let i(t) = 10*t + 23. Let h be i(-5). Let r be (-3 - h)/(8/28). What is the highest common factor of 63 and r?
21
Suppose 6*h + 455 = 11*h. What is the highest common divisor of h and 13?
13
Let i be ((-8)/5)/((-19)/1425). What is the highest common factor of i and 16?
8
Let j be 36/15*(-800)/(-6). Suppose -2*c - 3*c = -j. Calculate the greatest common factor of 8 and c.
8
Let k be 2292/32 - (-18)/48*1. Calculate the highest common factor of k and 81.
9
Let u(v) = 6*v - 51. Suppose 30 = 3*b - b. Let s be u(b). What is the greatest common divisor of 3 and s?
3
Let s be 6/(-18) - (-2)/(-3). Let h be (6/3)/(s + -1). Let k(y) = -4*y. Let z be k(h). Calculate the highest common factor of z and 12.
4
Let b be (-1 + 1)/(-3)*1. Let g be (2 - (b - -1)) + -8. Let j = 8 + g. Calculate the highest common factor of j and 7.
1
Let o = -32 - -32. Suppose 4*j + 11 - 123 = o. Calculate the highest common divisor of 14 and j.
14
Suppose -2*h - n - 199 = 0, 6*h + 2*n + 298 = 3*h. Let j = h + 170. Let k be 30/(-9)*3*-1. What is the highest common factor of j and k?
10
Let c(d) = -2*d**2 + 3*d - 19. Let g be c(4). Let h be 48*(4/(-26) + (-32)/g). What is the highest common divisor of 40 and h?
8
Let l = 823 + -725. Calculate the highest common factor of l and 3136.
98
Suppose 17 = -3*h - h - 5*d, -3*d = -5*h + 25. Suppose h*l = b + 7*l - 22, 5*b - 2*l - 110 = 0. Calculate the greatest common factor of b and 22.
22
Let n = 231 + -96. What is the highest common divisor of 90 and n?
45
Suppose f = 10 - 0. Let x = 28 + f. Calculate the greatest common factor of 19 and x.
19
Let l(i) = -i**3 - 16*i**2 - 52*i - 57. Let k be l(-14). What is the highest common divisor of k and 9?
9
Suppose -16*f - 16 = -12*f. Let j(a) = 2*a**2 + 3*a - 2 + a**3 + 4*a**2 + 0*a**2. Let m be j(f). What is the greatest common factor of m and 126?
18
Suppose -2*s + 0*s = -4*p + 106, 3*s = 5*p - 135. Suppose 12*v - p = 48. Calculate the greatest common divisor of v and 3.
3
Let g be 3/(-2)*(1 + -3). Let k = 360 + -345. Calculate the greatest common divisor of k and g.
3
Let o be (0 + 2)/((-16)/104). Let a = 37 + o. What is the greatest common divisor of a and 264?
24
Let f = 430 + -365. Calculate the highest common divisor of 15 and f.
5
Let k = 665 - 657. What is the greatest common factor of 184 and k?
8
Suppose 5*w = 61 + 374. Let y = w - 70. What is the greatest common factor of y and 1?
1
Suppose -4*v = x - 106, -2 = 3*x + 4. Let o be 4/3 - (-18)/v. Calculate the greatest common factor of o and 6.
2
Let v(u) = -24 - 25 - 5*u - 24 + 72. Let c be v(-8). Calculate the greatest common factor of 39 and c.
39
Let y be 18/(-7)*((-10 - -17) + -49). Calculate the highest common factor of 12 and y.
12
Let f = -186 - -246. Calculate the greatest common divisor of 80 and f.
20
Suppose 0 = 5*k + 29 + 11. Let u be (8 - 6) + (-1 - k). What is the greatest common divisor of 18 and u?
9
Let i be 3033/21 - (-4)/7. Suppose -3*b + i = 2*b. Suppose 5 = -4*v + b. Calculate the highest common divisor of 18 and v.
6
Let i(f) = -7*f - 457. Let v be i(-81). What is the greatest common divisor of 22 and v?
22
Let g = 6 + 11. Suppose g*q = 15*q + 22. What is the highest common divisor of 11 and q?
11
Let u be ((-148)/12)/((-2)/6). Suppose 4*v = 47 + u. Let l be (-2)/2 + (57 - -49). What is the greatest common factor of v and l?
21
Let p(o) = o + 1. Let g = 3 - 3. Let j be p(g). What is the highest common factor of 3 and j?
1
Suppose 4*d - 352 = -4*o, 2*d = 3*d - 2*o - 79. Let x(c) = 62*c - 462. Let f be x(8). Calculate the greatest common divisor of d and f.
17
Suppose -4*f + 5*f = 56. Let u be 16/f + 187/7. Let b = u - 14. What is the greatest common factor of b and 39?
13
Suppose 0 = 2*l - 25*l + 1564. What is the highest common divisor of 238 and l?
34
Let o = 3 + -9. Let f(k) = -k**2 - 4*k + 14. Let y be f(o). Let v be 1*(97 + y - -3). What is the greatest common divisor of v and 17?
17
Let b(f) = 4*f - 3. Let v be b(3). Let d be 16 + (-5 - 4) + -6. What is the greatest common divisor of d and v?
1
Let t = -228 - -723. Calculate the highest common divisor of t and 90.
45
Suppose -17*g + 146 = -347. What is the highest common factor of g and 1?
1
Let z(u) = 3*u + 6. Let m be z(13). Let f be ((-2)/(-6))/(3/m). Suppose 5 - 55 = -f*p. Calculate the greatest common divisor of p and 20.
10
Let h(t) = 241*t + 483. Let b be h(-2). Let i = 0 - -1. What is the greatest common divisor of i and b?
1
Let a = 69 - 42. Suppose -4*f + 111 - 39 = 0. Suppose -11*y - 63 = -f*y. What is the highest common factor of a and y?
9
Let h(u) = -2*u + 4. Let o be h(7). Let n(q) = q**3 + 9*q**2 - 13*q - 23. Let j be n(o). What is the greatest common divisor of j and 70?
7
Let a be (-5 - (-5)/(-3))*-3. Suppose -3*u + 10 = -x, 0 = 3*u + 4*x - 6 - 14. What is the greatest common factor of a and u?
4
Let x(c) = -15*c**3 + c**2 - c - 1. Let w be x(-1). Let u be 1/2 + (-1215)/(-6). Let i be 36/(-60) - u/(-5). What is the greatest common factor of i and w?
8
Suppose -4*v + p = -214, 3*v + 3*p = -2*p + 172. Let i = -21 + v. Let f be 21/(-14)*(-44)/6. What is the highest common factor of i and f?
11
Suppose -19*q = -22*q. Suppose q = -4*r + 6*r - 560. Calculate the greatest common factor of r and 35.
35
Let s(b) = -b**3 - b**2 - b. Let v be s(1). Let f = 16 + v. What is the highest common divisor of 91 and f?
13
Let j = 339 + -297. What is the greatest common fac